 9/6*d*4. Calculate the greatest common divisor of x and 36.
12
Suppose 0 = 3*h - 2*o - 112, h - 2*o = -6*o + 14. What is the greatest common divisor of h and 85?
17
Let n(i) = 40*i - 3. Let t be n(3). Suppose 2*b - b = t. Suppose -b = 5*c - 477. What is the highest common divisor of c and 8?
8
Suppose -4*v = -z + 12, -v + 21 = 4*z - 10. What is the highest common divisor of z and 4?
4
Let y be 25 + (2 - 9/3). Let w be (18/12)/((-3)/(-12)). What is the highest common divisor of y and w?
6
Suppose 22 = 2*k + 2. Calculate the greatest common divisor of k and 10.
10
Let k = 5 + -5. Suppose k*l + 62 = 2*z + l, 3*z - 82 = 4*l. What is the greatest common divisor of 45 and z?
15
Let o(l) = 33*l**3 + l. Let r(q) = -1 + 2*q + 2 + 8*q**3 - 10*q**3. Let a be r(-1). Let n be o(a). What is the greatest common factor of 51 and n?
17
Let l = -7 + 4. Let p be ((-10)/l)/(2/9). What is the highest common divisor of 15 and p?
15
Suppose 0 = 4*p - p + 60. Let i = 2 - p. What is the greatest common factor of i and 154?
22
Let w = 11 + 4. Calculate the highest common factor of 6 and w.
3
Let i = -6 + 22. Let m(c) = 4*c**2 - 2*c - 6. Suppose 2*o + 2*s = 6, -2*o = 4*s + 1 + 1. Let z be m(o). What is the highest common factor of z and i?
16
Let m = 1 - -1. Suppose -m = -4*t + 6. Suppose 3*u = q - 3*q + 26, 2*u = -3*q + 24. Calculate the greatest common divisor of u and t.
2
Let f be 0 - -5 - (-21 - 6). Calculate the greatest common factor of f and 40.
8
Let m(b) = b**3 - 8*b**2 - 8*b - 6. Let n be m(9). Suppose 5*x + 5*q = 55, -x = -3*q + 4 - n. What is the greatest common factor of x and 8?
8
Let z(r) = 9*r - 1. Let p be z(2). What is the highest common factor of p and 34?
17
Let s be -36*((-3)/4 + 0). What is the greatest common factor of 81 and s?
27
Let m(n) = -5*n - 3. Suppose 3*i + 0 + 15 = 0. Let b = i + 3. Let w be m(b). What is the highest common factor of w and 7?
7
Let k be 1/2 + 858/12. Calculate the greatest common divisor of 18 and k.
18
Let t be -8*6/(-20)*10. What is the greatest common factor of 168 and t?
24
Let p = -6 + 9. Suppose 0 = -p*z - z + 40. Let n be (-1)/(2/(-24)) + 3. What is the highest common divisor of n and z?
5
Let c be ((-39)/(-6) - 1)*10. Let s be (4 - 4) + (-4 - -2) + 24. What is the greatest common divisor of c and s?
11
Suppose 4*r = 1 + 15. Suppose 4*k - 11 = -5*v - 4, 5*k - 60 = r*v. Let q(g) = 89*g**2 - 1. Let p be q(1). What is the greatest common factor of p and k?
8
Suppose -4*m - 2*h + 259 = -325, 0 = 4*m - h - 572. What is the greatest common factor of 48 and m?
48
Let t(s) = 12*s**2 - s + 1. Let q be t(1). What is the highest common divisor of 6 and q?
6
Let l(r) = -r - 1. Let k be l(4). Let o(n) = -n**3 - 4*n**2 - 2*n - 5. Let x be o(k). Let m = -8 + 23. What is the greatest common divisor of m and x?
15
Let l be ((1 + 9)*-1)/(-2). Let v be (5 + -4)*l/1. Suppose 0 = -u - 4*j - 0 + 9, -u + 11 = v*j. Calculate the greatest common divisor of u and 11.
1
Let k(t) = 9*t - 5. Let a be k(3). What is the greatest common factor of a and 66?
22
Let i be 8/32*4*1. Let s be -3 + i - -2 - -50. What is the greatest common divisor of s and 20?
10
Suppose y - 3 = 30. What is the highest common divisor of y and 363?
33
Let w(d) = d**2 - 1. Let g be w(-2). Let h be -5*(6/g - 4). What is the highest common factor of h and 80?
10
Let c be (-2)/1 + -1 + 7. Let x(h) = -h**3 + 8*h**2 - 5*h + 4. Let u be x(c). What is the greatest common factor of u and 12?
12
Let l(v) = v - 3. Let y be l(7). Suppose -y*i + 30 = 2. What is the greatest common divisor of 28 and i?
7
Let i(j) = -j**3 + 6*j**2 + 6*j + 9. Let q be i(7). Let f be 11/((-44)/(-72)) - 0. What is the highest common divisor of f and q?
2
Let j = -23 + 13. Let s(v) = -v - 6. Let l be s(j). Calculate the greatest common divisor of l and 4.
4
Let g = -2 - -15. Let z be (-8)/(-6) - 1520/(-30). What is the greatest common divisor of z and g?
13
Let p = 40 + -24. Let i = -3 + p. What is the greatest common factor of i and 117?
13
Let z = -171 - -255. Calculate the greatest common factor of 12 and z.
12
Suppose q + q - 4 = 0. Suppose -5*x + 5*i + 3 = -q, 10 = 5*i. Calculate the highest common divisor of 33 and x.
3
Let q(f) = 51*f. Let u be q(3). What is the highest common factor of 34 and u?
17
Let a(f) = -16*f - 36. Let u be a(-11). What is the highest common factor of 14 and u?
14
Let k = 18 - 12. Calculate the highest common divisor of 4 and k.
2
Let n(c) = 38*c - 4. Let k = -6 - -10. Let i = -1 + k. Let m be n(i). What is the greatest common factor of m and 10?
10
Let g(r) = -11*r**2 - r - 3. Let y be g(-4). Let d = y - -285. Calculate the highest common divisor of 10 and d.
10
Let h(l) = 3 - 4 - 5 + 10*l - 6*l**2 + 5*l**2. Let x be h(7). Calculate the highest common divisor of 30 and x.
15
Let k(y) = y**3 - 10*y**2 + 10*y - 5. Let p be k(9). Let h be 1*-2*2/p. Let z = 1 - h. What is the highest common divisor of 14 and z?
2
Let s(x) = x**3 + 13. Let k be s(0). What is the greatest common divisor of 26 and k?
13
Suppose 0 = i + 5*s + 17, 4*i = i + 4*s + 6. Let f(r) = -5*r - 1. Let k be f(i). What is the greatest common factor of 36 and k?
9
Let b be -9 - (3 + -1 + 1). Let p be ((-231)/b)/(4/16). Suppose k + 44 = 5*k. What is the highest common divisor of k and p?
11
Let z = 49 + 81. Let f = z - 50. Calculate the highest common factor of f and 10.
10
Suppose -4*u + 0*t + 5*t = -375, -174 = -2*u - 2*t. What is the highest common factor of 18 and u?
18
Suppose -4*b - 2*s = -b - 5, 2 = -s. Suppose -5*w - 29 = -4*f - 4*w, 2*f = -b*w + 25. Calculate the highest common factor of f and 1.
1
Suppose w - 10 = -4*y, -2*y + 7 = 3. Let n be -1 + (2 - 2) + 2. What is the highest common divisor of w and n?
1
Let o(i) = -i**2 + 6*i - 2. Let k be o(5). Suppose 3*r - k + 0 = 0. What is the highest common factor of 8 and r?
1
Let i = 3 + -3. Suppose -5*a - 5*q + i*q = -465, -a + 2*q + 93 = 0. Let y = a + -30. Calculate the greatest common factor of 7 and y.
7
Suppose r + r = 720. Let g be r/16*8/10. Suppose -l - 2 = -4. Calculate the greatest common factor of l and g.
2
Suppose -2*w + 78 = -5*k, -w + 0*w = 2*k - 39. What is the highest common divisor of w and 26?
13
Let m(y) = 6*y + 157. Let c be m(-25). Let q(n) = n**2 - 3*n - 7. Let u be q(7). Calculate the highest common factor of u and c.
7
Let m = 21 + -10. What is the greatest common factor of m and 33?
11
Let i = -3 - -10. Calculate the highest common factor of i and 42.
7
Let u(h) = h - 3. Let v be u(4). Let z(a) = a**2 + 4*a + 4. Let s be z(-4). Let g = s - -4. Calculate the greatest common factor of g and v.
1
Let i(j) = 2*j**2 + 6*j. Suppose 3*g + 25 = t, -5*t + 4 = 5*g + 19. Let s be g*1 - (-5)/5. Let o be i(s). Calculate the greatest common factor of o and 9.
9
Let a(t) = 2*t**2 - 2*t + 1. Let q be a(-2). Suppose 2*z + 158 = 2*m, -m - 209 = -4*m - 4*z. Let g = m - 10. Calculate the highest common divisor of q and g.
13
Let k = -65 - -23. Let n be (-4)/7 + (-1914)/k. What is the greatest common factor of n and 5?
5
Let j = -34 + 43. Let h = 184 - 109. Let g = 24 + h. What is the highest common divisor of g and j?
9
Let t be -3*1/(-3)*5. Let i be (-2)/t - 224/(-35). What is the highest common divisor of 15 and i?
3
Let b = -14 - -5. Let u = 15 + b. Calculate the greatest common factor of 12 and u.
6
Suppose -3*x - 3*b + 9 = 0, 5*b - 1 = x - 16. Suppose s - 2*s + 64 = 0. Let z = 109 - s. Calculate the highest common factor of z and x.
5
Let w(n) be the third derivative of -n**6/120 - n**5/15 - n**4/6 - 5*n**2. Let a be w(-3). Calculate the highest common factor of a and 6.
3
Let w(d) = -2*d. Let z be w(-9). Suppose -p + 3 = -q + 3*p, -4*p - 35 = q. Let a = 8 - q. Calculate the highest common factor of z and a.
9
Let l be (-1728)/(-135) - (-2)/10. What is the greatest common factor of 26 and l?
13
Let n = -5 + 32. Let d be (-1)/(-2 - (-51)/27). Calculate the greatest common factor of n and d.
9
Suppose -q - 28 = -4*l, 0 = 2*l - 3*q - 0 - 4. What is the highest common factor of l and 32?
8
Let i(q) = -q**2 - 34*q - 42. Let f be i(-17). Calculate the greatest common factor of 19 and f.
19
Suppose -41 = -12*n + 2599. Calculate the highest common factor of 44 and n.
44
Let y be 25/10 + (-1)/2. What is the highest common divisor of y and 2?
2
Let 